.
-40
Let n(g) = -g**3 + g + 8. What is n(0)?
8
Let t(v) = -51*v - 3. Calculate t(-1).
48
Let t(p) = 2*p**2 - 33*p + 32. Determine t(16).
16
Let j(l) = -2*l**3 + 1. What is j(-1)?
3
Let i(l) = l**3 + 5*l**2 + 7*l + 17. What is i(-4)?
5
Let q(h) = -h**2 - 18*h + 1. Calculate q(-18).
1
Let v(d) = -d**2 + 15*d + 15. Give v(18).
-39
Let s(p) = p**3 - 24*p**2 - p + 32. What is s(24)?
8
Let p(n) = -n**3 - 11*n**2 + 101*n - 15. Give p(-17).
2
Let a(m) = -m**2 + 7*m - 7. Determine a(6).
-1
Let a(k) = -k**2 - 6*k - 10. Give a(-7).
-17
Let z(s) = -9*s**2 - 71*s + 9. Give z(-8).
1
Let m(u) = u**2 + 18*u - 20. Calculate m(-9).
-101
Let r(a) = -a**3 + 3*a**2 + 15*a - 17. Determine r(5).
8
Let b(v) = -v**3 - v - 32. Give b(0).
-32
Let o(d) = 4*d**2 + 9. Give o(4).
73
Let l(j) = -13*j + 2. What is l(4)?
-50
Let m(f) = 4*f + 39. Determine m(-11).
-5
Let y(k) = k**3 + 7*k**2 + 2*k - 7. What is y(-5)?
33
Let c(j) = -j**3 - 5*j**2 - 5*j - 41. What is c(-5)?
-16
Let c(w) = -w**2 + 14*w - 43. What is c(10)?
-3
Let n(q) = 6*q + 20. Give n(-2).
8
Let m(f) = f**2 + f - 2. What is m(4)?
18
Let u(w) = -5*w**2 + 17*w + 9. Calculate u(4).
-3
Let c(t) = t**3 + 10*t**2 + 10*t + 17. Determine c(-9).
8
Let l(h) = -h**2 + 2*h - 1. Give l(1).
0
Let z(m) = 2*m + 37. Give z(-19).
-1
Let b(j) = -j**3 - 6*j**2 - 12*j - 69. Calculate b(-6).
3
Let x(s) = -7*s + 16. What is x(6)?
-26
Let p(x) = 4*x - 44. Calculate p(10).
-4
Let f(a) = -a**2 - 7*a + 14. Give f(3).
-16
Let v(n) = -n**3 - 5*n**2 + 7*n - 5. Calculate v(-6).
-11
Let f(g) = 2*g - 2. Determine f(5).
8
Let l(r) = -17*r - 171. Determine l(-11).
16
Let j(d) = -d + 8. Calculate j(25).
-17
Let q(j) = j**3 + 6*j**2 + 5*j - 6. Give q(-5).
-6
Let q(d) = -22*d - 94. Give q(-5).
16
Let v(t) = -t**3 + 28*t**2 - 53*t + 32. Determine v(26).
6
Let p(v) = v**2 - 7*v - 8. Determine p(7).
-8
Let v(t) = 27*t + 174. Give v(-6).
12
Let y(n) = -11*n - 43. Calculate y(-4).
1
Let b(k) = 2*k**3 - 5*k**2 + 2*k + 6. Give b(3).
21
Let b(k) = -k**3 + 6*k**2 + 4*k - 8. Calculate b(3).
31
Let c(w) = 8*w**3 + 8*w**2 - 2*w. Give c(-1).
2
Let c(q) = -12*q + 208. Calculate c(17).
4
Let i(o) = 2*o + 4. Calculate i(-4).
-4
Let z(r) = -r**2 + 2*r - 6. Determine z(0).
-6
Let c(d) = 9*d - 83. What is c(6)?
-29
Let f(n) = 5*n**2 + 28*n + 37. Determine f(-5).
22
Let c(b) = b**2 + 19*b + 74. Give c(-14).
4
Let r(k) = 2*k**3 + 47*k**2 - 26*k - 52. Give r(-24).
-4
Let g(o) = -3*o**2 - 54*o - 199. Calculate g(-5).
-4
Let g(a) = 2*a**3 - 3*a**2 + 5*a - 10. Give g(2).
4
Let p(o) = 67*o - 398. Determine p(6).
4
Let s(i) = 11*i + 54. What is s(-6)?
-12
Let p(o) = o**3 + 9*o**2 - 17*o - 16. What is p(-10)?
54
Let o(g) = -g**3 + 6*g**2 + 7*g - 12. Calculate o(7).
-12
Let d(u) = -u**2 - 9*u + 18. Give d(0).
18
Let a(j) = j**2 + 6*j - 9. Give a(5).
46
Let x(t) = 5*t - 9. Calculate x(2).
1
Let u(d) = 3*d**3 + 9*d**2 - d + 7. Give u(-3).
10
Let p(v) = -7*v**2 - 9*v - 8. Calculate p(-3).
-44
Let h(p) = -3*p - 23. What is h(21)?
-86
Let r(q) = -4*q + 1. Calculate r(-4).
17
Let t(x) = 3*x**2 + 2*x - 1. Determine t(2).
15
Let f(n) = -2*n**3 - 9*n**2 + 6*n - 1. Calculate f(-5).
-6
Let r(h) = h**3 + 17*h**2 - 17*h - 14. Determine r(-18).
-32
Let z(a) = 8*a + 9. Determine z(-6).
-39
Let t(x) = 56*x + 567. Give t(-10).
7
Let r(f) = 2*f**3 + 15*f**2 + 12*f + 22. Calculate r(-7).
-13
Let c(h) = 2*h**2 - 14*h + 27. Determine c(5).
7
Let y(l) = -2*l**2 - l + 3. Calculate y(-7).
-88
Let w(x) = -5*x**2 - 8*x - 8. What is w(-5)?
-93
Let y(p) = -4*p**3 - 3*p**2 - 2*p + 4. Determine y(-3).
91
Let s(m) = 21*m + 78. Give s(-4).
-6
Let r(x) = -x - 4. What is r(-10)?
6
Let f(w) = -w**3 - 8*w**2 + 3*w - 18. Calculate f(-8).
-42
Let j(o) = -o**3 - 11*o**2 - 2*o - 8. Determine j(-11).
14
Let u(o) = -12*o - 14. Calculate u(-12).
130
Let j(h) = 22*h - 21. What is j(6)?
111
Let l(d) = 22*d**2 + 2*d - 2. What is l(1)?
22
Let w(m) = -m**3 - 23*m**2 - 25*m - 28. What is w(-22)?
38
Let m(u) = u**3 + 2*u**2 - u - 28. What is m(0)?
-28
Let n(w) = 4*w - 53. Determine n(17).
15
Let d(m) = 2*m**2 + 16*m + 30. Determine d(-3).
0
Let p(h) = -h**3 + 4*h**2 - h - 4. What is p(4)?
-8
Let u(n) = -4*n**2 - 5*n + 4. Calculate u(-3).
-17
Let i(v) = -5*v - 41. Give i(-3).
-26
Let h(b) = -b**3 - 9*b**2 + 11*b - 2. Determine h(-10).
-12
Let q(p) = p**2 + 9*p - 2. What is q(4)?
50
Let n(r) = 33*r**3 + r - 2. What is n(1)?
32
Let b(k) = 7*k**2 + 7*k - 18. What is b(2)?
24
Let r(p) = p**3 + 27*p**2 - 62*p - 119. Determine r(-29).
-3
Let a(h) = -h + 52. Give a(13).
39
Let l(p) = p**2 + 15*p + 13. Give l(-14).
-1
Let g(h) = -3*h**2 + 28*h - 19. What is g(6)?
41
Let i(j) = j**3 - 9*j**2 - 10*j + 13. Calculate i(10).
13
Let h(f) = -f**3 - 21*f**2 + 22*f - 22. What is h(-22)?
-22
Let t(h) = h**2 + 3*h - 30. Determine t(-7).
-2
Let r(o) = 3*o**2 + 7*o + 12. Determine r(-3).
18
Let p(b) = -b**3 - 14*b**2 - 14*b - 9. Calculate p(-13).
4
Let v(d) = -10*d + 237. Give v(21).
27
Let y(k) = k**3 + 12*k**2 + 13*k + 22. What is y(-11)?
0
Let u(x) = -x**3 - 8*x**2 + 18*x - 10. Give u(-10).
10
Let y(m) = m**3 + 5*m**2 + 7. Calculate y(-5).
7
Let x(r) = r + 20. Give x(-12).
8
Let z(n) = n**2 + 2*n - 18. Determine z(-5).
-3
Let p(r) = 2*r**2 - 3*r - 3. What is p(-2)?
11
Let g(h) = 6*h**3 - h**2 + 1. Calculate g(-1).
-6
Let h(m) = -100*m + 1500. Determine h(15).
0
Let s(h) = h**3 + 14*h**2 + 28*h - 4. What is s(-12)?
-52
Let c(y) = y**3 + 9*y**2 + 9*y + 15. What is c(-8)?
7
Let l(y) = 41*y - 31. Calculate l(1).
10
Let b(a) = -a**3 + 4*a**2 + 1. Give b(4).
1
Let b(j) = 2*j**3 - 3*j + 1. Calculate b(3).
46
Let m(b) = 6*b - 132. Give m(18).
-24
Let q(o) = -4*o - 22. Determine q(-9).
14
Let f(w) = -15*w - 131. Determine f(-8).
-11
Let f(j) = j**3 + j**2 + j + 3. Calculate f(0).
3
Let j(h) = -3*h**2 - 4*h + 5. Give j(-4).
-27
Let j(m) = 2*m**2 + 22*m - 48. Determine j(-13).
4
Let z(u) = 7*u**2 + 2*u - 3. What is z(1)?
6
Let j(q) = -q**3 + 2*q**2 + 2*q + 1. What is j(3)?
-2
Let q(x) = 101*x - 699. What is q(7)?
8
Let l(p) = -2*p - 8. Calculate l(-9).
10
Let i(y) = -25*y**2 - y. Give i(-1).
-24
Let j(b) = 5*b - 1. Determine j(4).
19
Let j(g) = -g**3 + 4*g**2 + 4*g - 7. Calculate j(5).
-12
Let i(f) = 3*f**2 + f - 6. Calculate i(2).
8
Let s(r) = -r**3 + 34*r**2 - 32*r - 38. What is s(33)?
-5
Let m(i) = i**2 + 35*i + 105. Calculate m(-32).
9
Let r(z) = -z**2 - 13*z - 24. Calculate r(-10).
6
Let d(h) = 4*h + 6. Determine d(-4).
-10
Let n(q) = 2*q**2 + q. Determine n(-1).
1
Let a(s) = 6*s**3 - 3*s**2 - 3*s + 3. What is a(-3)?
-177
Let c(m) = -m**2 - 9*m - 16. Determine c(-4).
4
Let f(a) = -4*a + 69. Calculate f(19).
-7
Let s(g) = -g**2 + 35*g - 31. Determine s(34).
3
Let i(t) = t**2 - 31*t + 13. Calculate i(30).
-17
Let i(s) = -s**2 + 4*s - 7. Give i(3).
-4
Let p(d) = d**3 - 10*d**2 + 18*d - 11. Calculate p(8).
5
Let m(g) = -g**2 + 6*g + 7. Determine m(5).
12
Let n(k) = 10*k + 26. Calculate n(-7).
-44
Let a(l) = -10*l - 3. Calculate a(1).
-13
Let r(d) = -26*d + 3. Calculate r(-1).
29
Let z(l) = -l + 4. Calculate z(0).
4
Let q(h) = -5*h + 88. Calculate q(19).
-7
Let r(p) = -6*p + 7. Calculate r(5).
-23
Let h(k) = k**3 - 4*k**2 + 5*k - 5. Calculate h(3).
1
Let c(x) = -x**2 + 22*x - 82. Give c(6).
14
Let m(j) = -24*j. What is m(2)?
-48
Let n(k) = -19*k. Determine n(1).
-19
Let j(i) = 8*i + 127. Calculate j(-16).
-1
Let h(j) = -j**3 + 11*j**2 + 14*j + 8. Give h(12).
32
Let j(o) = o**3 + 8*o**2 - 6*o - 7. Determine j(-3).
56
Let g(v) = -v**2 - 9*v + 12. Calculate g(-11).
-10
Let v(f) = f. Give v(-5).
-5
Let p(t) = t**3 - 15*t**2 + 26*t - 6. Determine p(13).
-6
Let t(v) = -v**3 - 7*v**2 + 18*v + 8. What is t(-9)?
8
Let n(b) = b**3 + 4*b**2 + 5*b + 1. Calculate n(-3).
-5
Let m(n) = 5*n**2 - 2*n + 4. Determine m(3).
43
Let z(r) = 56*r + 381. Calculate z(-7).
-11
Let g(t) = 2*t**3 - 26*t**2 - 2*t + 32. Determine g(13).
6
Let t(v) = -12*v + 677. Determine t(57).
-7
Let i(c) = -c**3 - 5*c**2 - 8*c - 7. Give i(-5).
33
Let h(x) = -4*x + 12. Determine h(8).
-20
Let b(t) = -7*t + 16. Give b(5).
-19
Let s(p) = -p - 4. Calculate s(-35).
31
Let p(h) = 12*h + 110. Calculate p(-9).
2
Let b(g) = g - 21. Give b(9).
-12
Let g(s) = -2*s**3 - 15*s**2 - 11*s - 22. Calculate g(-7).
6
Let q(l) = l**3 - l**2 + l + 15. Determine q(0).
15
Let j(w) = 3*w + 18. Give j(-10).
-12
Let h(d)